s 400444 a multiple of 479?
True
Is 5387344 a multiple of 788?
False
Is 276650 a multiple of 550?
True
Does 3 divide 49043?
False
Is 55000 a multiple of 40?
True
Is 52140 a multiple of 55?
True
Is 224534 a multiple of 262?
True
Does 17 divide 4653286?
False
Does 16 divide 98416?
True
Does 24 divide 146160?
True
Is 296 a factor of 34364?
False
Is 418 a factor of 1970452?
True
Is 103 a factor of 31553?
False
Is 1706020 a multiple of 5?
True
Does 531 divide 2988272?
False
Is 158 a factor of 986394?
True
Is 4043839 a multiple of 599?
False
Is 446 a factor of 13396?
False
Is 2404 a multiple of 13?
False
Is 677502 a multiple of 17?
False
Is 396988 a multiple of 397?
False
Does 18 divide 295706?
False
Is 121 a factor of 13826?
False
Does 5 divide 219390?
True
Is 766160 a multiple of 316?
False
Does 39 divide 92001?
True
Is 181 a factor of 418454?
False
Is 48739 a multiple of 47?
True
Is 32 a factor of 380655?
False
Is 183505 a multiple of 10?
False
Is 73402 a multiple of 2?
True
Does 22 divide 158532?
True
Is 537965 a multiple of 85?
True
Is 292565 a multiple of 23?
False
Is 45 a factor of 2572335?
True
Does 14 divide 13658852?
False
Is 242840 a multiple of 40?
True
Is 2410215 a multiple of 143?
False
Does 61 divide 71649?
False
Is 6 a factor of 265439?
False
Is 11 a factor of 189266?
True
Does 15 divide 38970?
True
Does 71 divide 803720?
True
Does 25 divide 230944?
False
Is 94 a factor of 430281?
False
Is 6139584 a multiple of 19?
True
Is 13 a factor of 10376301?
True
Does 22 divide 587480?
False
Does 7 divide 1445408?
False
Is 73794 a multiple of 502?
True
Is 99725 a multiple of 5?
True
Is 1066450 a multiple of 50?
True
Is 138800 a multiple of 2?
True
Is 1868904 a multiple of 101?
True
Is 30 a factor of 650004?
False
Does 321 divide 6473106?
False
Is 2856 a factor of 20111952?
True
Is 6932272 a multiple of 1675?
False
Is 169901 even?
False
Is 82632 a multiple of 8?
True
Is 12 a factor of 9878161?
False
Is 25 a factor of 1684844?
False
Is 24 a factor of 885230?
False
Does 286 divide 513406?
False
Is 372 a factor of 211331?
False
Is 50680 a multiple of 92?
False
Does 6 divide 103410?
True
Is 469 a factor of 23685161?
False
Does 20 divide 85064?
False
Is 30 a factor of 3685?
False
Is 6840245 a multiple of 5?
True
Does 67 divide 1477283?
True
Does 227 divide 224730?
True
Does 9 divide 338038?
False
Is 203 a factor of 68887?
False
Does 12 divide 3837372?
True
Is 71 a factor of 586267?
False
Is 48735 a multiple of 45?
True
Is 20672 a multiple of 76?
True
Is 102540 a multiple of 30?
True
Does 8 divide 119416?
True
Does 478 divide 5575891?
False
Is 2178768 a multiple of 16?
True
Is 13329000 a multiple of 24?
True
Is 130 a factor of 388493?
False
Is 1189518 a multiple of 201?
True
Does 1385 divide 2036390?
False
Is 419 a factor of 330190?
False
Does 196 divide 1248324?
True
Does 15 divide 1397460?
True
Is 56052 a multiple of 81?
True
Is 70 a factor of 109620?
True
Does 42 divide 1253322?
True
Is 3636668 a multiple of 23?
True
Is 79 a factor of 205716?
True
Is 186 a factor of 5401467?
False
Is 358063 a multiple of 29?
True
Does 1020 divide 1410514?
False
Is 476840 a multiple of 4?
True
Is 1824868 a multiple of 202?
True
Is 11 a factor of 44736?
False
Does 102 divide 30192?
True
Is 28938 a multiple of 78?
True
Is 360 a factor of 626400?
True
Is 727098 a multiple of 2?
True
Is 73 a factor of 133452?
False
Does 36 divide 269859?
False
Is 232 a factor of 357048?
True
Is 47200 a multiple of 200?
True
Does 16 divide 145692?
False
Does 58 divide 509201?
False
Does 62 divide 62855?
False
Is 9284854 a multiple of 74?
True
Is 6994271 a multiple of 21?
False
Does 86 divide 3964991?
False
Is 19819560 a multiple of 1978?
True
Is 347 a factor of 666240?
True
Is 41 a factor of 6030726?
False
Does 1360 divide 1331535?
False
Is 200 a factor of 143200?
True
Is 108700 a multiple of 50?
True
Does 74 divide 20789042?
True
Is 100254 a multiple of 15?
False
Does 33 divide 321552?
True
Is 13020527 a multiple of 1070?
False
Is 84 a factor of 571704?
True
Is 57 a factor of 874344?
False
Is 15 a factor of 35376?
False
Is 4 a factor of 665775?
False
Is 106998 a multiple of 58?
False
Is 42 a factor of 3948?
True
Does 58 divide 431143?
False
Does 65 divide 616620?
False
Is 1060266 a multiple of 164?
False
Does 33 divide 379283?
False
Is 445 a factor of 1100289?
False
Is 999845 a multiple of 197?
False
Does 38 divide 1390724?
True
Is 135424 a multiple of 64?
True
Is 60 a factor of 1038798?
False
Is 970435 a multiple of 123?
False
Does 14 divide 190316?
True
Is 143 a factor of 5354586?
False
Is 32 a factor of 53600?
True
Is 9 a factor of 4380?
False
Is 30 a factor of 197966?
False
Is 5737613 a multiple of 253?
False
Is 2000856 a multiple of 12?
True
Does 280 divide 1005760?
True
Is 14328701 a multiple of 23?
True
Is 14 a factor of 107856?
True
Is 129 a factor of 2125675?
False
Is 64 a factor of 942016?
True
Is 794430 a multiple of 12?
False
Is 39530 a multiple of 9?
False
Is 7515994 a multiple of 48?
False
Does 7 divide 2495?
False
Is 14 a factor of 927971?
False
Is 522107 a multiple of 339?
False
Is 4996250 a multiple of 1750?
True
Does 17 divide 624495?
True
Is 356 a factor of 104743?
False
Does 6 divide 302916?
True
Does 171 divide 11056005?
True
Is 10 a factor of 1836941?
False
Is 116 a factor of 932640?
True
Does 149 divide 41720?
True
Is 195330 a multiple of 30?
True
Is 52 a factor of 81647?
False
Is 52 a factor of 234659?
False
Is 1403339 a multiple of 217?
True
Is 17676 a multiple of 34?
False
Does 46 divide 1127057?
False
Is 17448 a multiple of 24?
True
Is 132 a factor of 84216?
True
Does 14 divide 9634178?
False
Does 217 divide 2605546?
False
Is 94 a factor of 3403364?
True
Is 2069595 a multiple of 33?
True
Is 25 a factor of 438925?
True
Is 28 a factor of 349972?
True
Does 13 divide 3327754?
False
Does 472 divide 1653416?
True
Does 32 divide 30473?
False
Is 6 a factor of 16308?
True
Is 260292 a multiple of 12?
True
Is 13 a factor of 4345230?
False
Is 462 a factor of 832524?
True
Is 28 a factor of 1168106?
False
Does 79 divide 42976?
True
Is 965 a factor of 1109645?
False
Is 45 a factor of 1699605?
True
Is 80001 a multiple of 321?
False
Is 736 a factor of 3817719?
False
Does 475 divide 5142825?
True
Is 71622 a multiple of 207?
True
Does 31 divide 5044909?
True
Is 228401 a multiple of 157?
False
Is 221100 a multiple of 55?
True
Is 49608 a multiple of 23?
False
Does 3 divide 4495041?
True
Is 8 a factor of 10407608?
True
Does 539 divide 6786010?
True
Is 59 a factor of 96318?
False
Does 36 divide 21204?
True
Does 81 divide 70825?
False
Does 76 divide 1538681?
False
Is 93 a factor of 2426?
False
Is 13543460 a multiple of 20?
True
Is 198706 a multiple of 33?
False
Is 71 a factor of 440200?
True
Does 100 divide 4199100?
True
Is 254745 a multiple of 27?
True
Is 31190 a multiple of 154?
False
Does 370 divide 497650?
True
Is 204 a factor of 140760?
True
Is 216 a factor of 27145800?
True
Is 682 a factor of 1505574?
False
Is 148120 a multiple of 61?
False
Is 2112760 a multiple of 34?
True
Does 224 divide 667520?
True
Is 4 a factor of 2253197?
False
Is 29 a factor of 17922?
True
Does 29 divide 8230432?
True
Is 12 a factor of 99753?
False
Is 10 a factor of 1726069?
False
Is 25246 a multiple of 13?
True
Does 139 divide 5869275?
True
Is 88 a factor of 541200?
True
Does 7 divide 588186?
False
Is 24 a factor of 1995504?
True
Is 24 a factor of 88592?
False
Does 30 divide 2899712?
False
Does 103 divide 8000216?
True
Is 369773 a multiple of 9?
False
Is 8704388 a multiple of 77?
True
Is 175 a factor of 1268380?
False
Is 7 a factor of 46151?
True
Is 7 a factor of 1803666?
False
Is 93 a factor of 3324192?
True
Does 23 divide 886999?
False
Does 17 divide 406096?
True
Does 553 divide 17286227?
True
Is 28 a factor of 150780?
True
Is 107997 a multiple of 32?
False
Does 636 divide 162816?
True
Does 2 divide 13243?
False
Is 3730234 a multiple of 545?
False
Does 20 divide 3846704?
False
Does 1070 divide 9509090?
True
Is 12 a factor of 17311?
False
Does 84 divide 79294?
False
Does 39 divide 273503?
False
Does 6 divide 1479954?
True
Does 74 divide 10831676?
True
Is 310764 a multiple of 76?
True
Is 9 a factor of 10962?
True
Is 85360 a multiple of 176?
True
Does 101 divide 182847?
False
Does 206 divide 1639924